 + 172510. What is x(-23)?
-680
Let v(a) = 3*a**2 + 1815*a + 10840. Determine v(-6).
58
Let g(t) = 289*t**2 - 3224*t + 498. Give g(11).
3
Let r(b) = -346998*b - 2775929. Determine r(-8).
55
Let s(x) = 2*x**3 - 14*x**2 - 86*x + 248. Calculate s(3).
-82
Let i(r) = 869*r**2 - 217252*r + 503. Calculate i(250).
3
Let y(z) = 3357*z - 67158. Determine y(20).
-18
Let r(f) = 655*f + 25439. Calculate r(-39).
-106
Let y(h) = -2*h**3 - 82*h**2 + 3488*h + 15. Give y(-67).
-253
Let g(j) = 6*j**2 - 101*j - 360. What is g(24)?
672
Let i(c) = c**3 - 4*c**2 - 63228*c + 252941. What is i(4)?
29
Let d(c) = -17*c - 1074. Give d(-16).
-802
Let w(j) = -2544*j + 292578. Determine w(115).
18
Let p(d) = -3867*d - 367180. What is p(-95)?
185
Let k(o) = 5195*o - 1537683. What is k(296)?
37
Let l(b) = 3*b + 1124. What is l(-24)?
1052
Let m(w) = 3*w**3 - 4*w**2 - 5*w + 16. What is m(-7)?
-1174
Let y(z) = 4*z**2 + 62*z + 457. Determine y(-15).
427
Let t(o) = 5621*o + 196725. Give t(-35).
-10
Let l(d) = -d**2 - 361*d + 38448. Determine l(-447).
6
Let x(p) = 4453*p - 133596. Determine x(30).
-6
Let y(r) = r**2 + 75904*r - 5394218. Give y(71).
7
Let f(j) = -122*j + 5420. Calculate f(44).
52
Let f(w) = -w**2 - 32150*w - 5627429. What is f(-176)?
-5
Let h(s) = 10339*s - 372210. What is h(36)?
-6
Let g(k) = -25*k**3 + 626*k**2 - 5*k - 477. Calculate g(25).
23
Let g(k) = 216*k**2 - 18987*k - 1846. Calculate g(88).
2
Let c(i) = 12*i**2 + 94*i + 182. Give c(-4).
-2
Let l(j) = 34107*j + 2080522. What is l(-61)?
-5
Let w(v) = -8283*v - 33120. What is w(-4)?
12
Let r(m) = m**2 - 1020*m + 221943. What is r(317)?
-908
Let j(v) = v**3 - 108*v**2 - 3284*v + 98. Calculate j(-25).
-927
Let t(j) = 232*j**2 - 7015*j - 74. Give t(31).
5413
Let w(i) = 5*i**2 - 546*i - 3895. Calculate w(116).
49
Let z(j) = 108*j**2 + 117981*j - 68878. Determine z(-1093).
-19
Let p(o) = 2*o**3 - 232*o**2 - 468*o - 471. Determine p(118).
1
Let d(l) = -l**3 + 144*l**2 - 1368*l + 3808. Determine d(134).
56
Let g(b) = b**3 - 116*b**2 - 122*b - 58. Give g(117).
-643
Let p(v) = 2*v**3 - 26*v**2 - 377*v + 3644. Determine p(8).
-12
Let f(z) = -41*z**2 - 313*z - 132. Calculate f(-7).
50
Let o(b) = -b**3 - 23*b**2 + 21738*b + 152960. Give o(-7).
10
Let v(y) = -31*y + 2127. Calculate v(56).
391
Let d(k) = 9*k**2 - 595*k - 1161. What is d(68)?
-5
Let v(f) = 287933*f - 2303483. Give v(8).
-19
Let k(x) = -1335*x - 13109. What is k(-8)?
-2429
Let p(i) = -90927*i - 15366650. Determine p(-169).
13
Let w(m) = 1985*m - 6113. Give w(3).
-158
Let j(y) = -y**3 + 254*y**2 + 29575*y - 7512050. What is j(254)?
0
Let a(q) = -q**2 + 801*q - 8743. What is a(11)?
-53
Let l(v) = 591571*v + 108. What is l(0)?
108
Let p(s) = -8*s**3 + 944*s**2 + 8*s - 958. Calculate p(118).
-14
Let b(x) = 3*x**3 + 66*x**2 - 104*x - 775. What is b(-23)?
30
Let a(x) = 20*x**2 - 37121*x + 74171. What is a(2)?
9
Let w(q) = 34639*q**2 - 103897*q - 52. Give w(3).
8
Let d(q) = -2*q**3 + 33*q**2 + 9680*q - 155139. What is d(16)?
-3
Let k(s) = s**3 - 71*s**2 + 49*s + 1481. Determine k(70).
11
Let m(v) = -2*v**2 + 10227*v + 61355. Determine m(-6).
-79
Let l(t) = -t**3 + 1108*t**2 + 12272*t - 408. Calculate l(-11).
-1
Let v(c) = -c**2 + 4414*c - 70350. Calculate v(16).
18
Let b(k) = -2762*k - 289842. Determine b(-105).
168
Let v(l) = 1977*l - 42460. Calculate v(20).
-2920
Let t(l) = -15*l**3 - 360*l**2 + 50*l + 1213. Determine t(-24).
13
Let f(k) = -k**3 + 45*k**2 - 247*k - 748. Calculate f(38).
-26
Let z(m) = -5*m**2 + 641*m - 15741. What is z(33)?
-33
Let d(l) = -812*l**2 + 1077*l - 252. Determine d(1).
13
Let q(u) = -977*u - 331350. Determine q(-339).
-147
Let u(c) = 2*c**2 + 4453*c + 157700. Give u(-36).
-16
Let j(t) = 58*t + 2824. Determine j(-39).
562
Let o(j) = -124499*j - 249011. Determine o(-2).
-13
Let u(v) = v**3 + 1308*v**2 + 1701*v + 514954. Determine u(-1307).
-4
Let g(v) = 8791*v - 334062. Calculate g(38).
-4
Let k(d) = -869*d - 6079. What is k(-7)?
4
Let j(v) = -183*v - 7633. Give j(-40).
-313
Let m(v) = v**2 - 4*v - 60. Give m(-20).
420
Let n(f) = 7*f**3 - 194*f**2 - 259*f - 19. Determine n(29).
39
Let v(x) = 37*x**2 - 6210*x - 996. Give v(168).
12
Let y(q) = q**3 + 323*q**2 - 1958*q - 88. Determine y(6).
8
Let r(h) = -2055*h - 250726. Calculate r(-122).
-16
Let z(c) = 43*c**2 - 869*c - 102. Calculate z(20).
-282
Let g(c) = -696478*c - 13929544. Calculate g(-20).
16
Let d(m) = -16*m**2 - 12054*m + 56098. What is d(-758)?
6
Let c(o) = 180*o**2 + 293*o - 1222. What is c(4)?
2830
Let f(d) = d**3 - 29*d**2 + 21*d + 400. Give f(12).
-1796
Let t(d) = 6*d - 199. Calculate t(33).
-1
Let v(z) = -2053*z - 22669. What is v(-11)?
-86
Let t(b) = -7*b**3 - 1329*b**2 + 187*b - 607. Determine t(-190).
-37
Let n(q) = -2*q**3 + 140*q**2 - 13*q + 1169. Calculate n(70).
259
Let r(q) = -46*q**2 + 21039*q + 42073. Give r(-2).
-189
Let l(f) = -23*f**2 + 1310*f - 1192. Give l(56).
40
Let l(p) = -2*p**2 - 68*p + 4782. Calculate l(33).
360
Let w(v) = -1136*v + 104507. Calculate w(92).
-5
Let g(p) = 1545*p - 7401. Calculate g(6).
1869
Let k(v) = 16*v**2 - 1148*v - 10723. What is k(-9)?
905
Let g(o) = 2*o**2 + 190*o + 367. Give g(0).
367
Let v(f) = 7190*f + 43186. Calculate v(-6).
46
Let c(a) = -22222*a + 977762. What is c(44)?
-6
Let r(k) = -3*k**3 - 213*k**2 - 417*k + 9. Determine r(-2).
15
Let k(l) = l**3 + 104*l**2 - 471*l - 4279. What is k(-108)?
-67
Let r(o) = 2*o**2 - 11542*o - 103865. Determine r(-9).
175
Let r(a) = -3877*a + 23036. Give r(6).
-226
Let t(y) = y**3 + 6*y**2 + 192*y + 742. What is t(-4)?
6
Let z(j) = -81*j**2 - 117*j - 242. Give z(-4).
-1070
Let p(j) = 275*j - 1576. Determine p(0).
-1576
Let w(q) = q**2 + 1364*q - 167382. What is w(113)?
-481
Let i(d) = -18*d**2 - 10895*d + 10911. What is i(1)?
-2
Let g(l) = -3539*l - 41217. Determine g(-13).
4790
Let n(f) = -14261*f + 57186. What is n(4)?
142
Let j(x) = -4*x**2 - 244*x + 3837. What is j(-74)?
-11
Let p(x) = 35*x**3 + 12*x**2 + 34*x - 3. What is p(-3)?
-942
Let v(b) = -32*b**2 - 185*b - 1293. Give v(-7).
-1566
Let m(y) = 190571*y + 1333998. Calculate m(-7).
1
Let x(w) = -7716*w + 246904. Calculate x(32).
-8
Let a(b) = -b**3 - 30*b**2 - 788*b - 15460. Give a(-24).
-4
Let x(y) = 3*y**2 + 44*y + 196. What is x(-6)?
40
Let b(z) = -85*z**2 + 1197*z - 166. Determine b(14).
-68
Let r(m) = -4*m**3 + 1021*m**2 + 28026*m + 24. Calculate r(-25).
-1
Let w(s) = 6747*s - 2719039. Determine w(403).
2
Let p(n) = 8*n**3 - 1144*n**2 - 6*n + 341. Give p(143).
-517
Let g(i) = i**3 + 23*i**2 + 1840*i + 40012. Determine g(-22).
16
Let y(s) = 6*s**2 + 5*s + 35. What is y(4)?
151
Let v(i) = 5*i**2 - 7674*i - 15354. Give v(-2).
14
Let y(u) = 45089*u + 1352734. Determine y(-30).
64
Let t(y) = 81*y**2 - 214*y + 5. What is t(2)?
-99
Let m(i) = -23*i**2 + 4816*i + 29727. Give m(-6).
3
Let a(d) = -15*d**2 - 145*d - 294. Determine a(-3).
6
Let n(o) = 4307*o - 447926. Determine n(104).
2
Let s(h) = 2*h**3 + 68*h**2 - 205*h - 4724. Give s(-35).
1
Let m(p) = 27421*p + 1919536. Determine m(-70).
66
Let c(n) = -1299*n - 50448. Give c(-39).
213
Let k(t) = 57252*t - 228376. Give k(4).
632
Let y(h) = -27*h**2 + 5101*h + 179. Give y(189).
-199
Let y(d) = 6*d**3 + 842*d**2 + 258*d - 3155. Determine y(-140).
-75
Let n(q) = 32*q**3 + 8*q**2 + 6*q - 1. What is n(3)?
953
Let m(j) = 52*j**2 + 8789*j + 135. Determine m(-169).
-34
Let t(u) = 341666*u - 341662. Calculate t(1).
4
Let u(l) = -l**3 + 165*l**2 + 192*l + 52408. Calculate u(168).
-8
Let u(q) = -118597*q + 1541747. Give u(13).
-14
Let n(r) = r**2 - 166*r + 2. What is n(-1)?
169
Let v(s) = -171*s**2 + 104148*s - 5487. Determine v(609).
-6
Let x(c) = 4*c**2 - 952*c + 10921. Determine x(226).
73
Let j(n) = 696*n**2 - 11134*n - 3. Determine j(16).
29
Let o(m) = -4057*m - 28469. Calculate o(-7).
-70
Let j(s) = s**3 - 31*s**2 - 475*s - 1752. Calculate j(43).
11
Let u(d) = -423*d**2 + 429*d - 861. Determine u(2).
-1695
Let m(c) = -4*c**3 + 29*c**2 - 240*c + 977. Give m(5).
2
Let z(b) = -3046128*b + 6092261. Determine z(2).
5
Let s(n) = n**3 - 22*n**2 - 267*n - 339. Determine s(31).
33
Let w(t) = 205*t**2 + 819*t - 15. Calculate w(-5).
1015
Let b(j) = -17*j**2 + 5*j + 4. Give b(-4).
-288
Let d(t) = -2*t**3 - 2*t**2 + 12324*t - 24628. What is d(2)?
-4
Let x(b) = b**3 - 147*b**2 - 2*b + 126. What is x(0)